(d) = 63*d - 615. Give s(14).
267
Let o(p) = -56*p + 6414. What is o(115)?
-26
Let o(k) = 3*k + 112. What is o(0)?
112
Let b(w) = -w**3 - 3*w**2 + 71*w - 169. Calculate b(4).
3
Let g(r) = 112*r**2 - 70*r + 16. What is g(1)?
58
Let c(p) = 3*p**2 - 191*p - 1559. Calculate c(71).
3
Let q(j) = j**3 + 42*j**2 + 155*j + 99. Give q(-38).
-15
Let v(g) = g**3 - 56*g**2 - 63*g + 258. Determine v(57).
-84
Let g(n) = 10*n + 461. Give g(-40).
61
Let c(v) = 11*v - 108. Calculate c(10).
2
Let m(p) = 465*p + 3254. What is m(-7)?
-1
Let v(i) = -573*i + 7438. Give v(13).
-11
Let f(z) = 64*z**2 - 3*z. Calculate f(1).
61
Let f(b) = b**3 + 9*b**2 - 37*b + 3. Give f(-12).
15
Let s(x) = -x**2 + 40*x - 119. Calculate s(45).
-344
Let z(i) = i**3 - 11*i**2 + 27*i - 37. Calculate z(8).
-13
Let m(v) = 2*v**3 - 5*v**2 - 150*v + 306. Calculate m(2).
2
Let x(k) = k**3 + 54*k**2 + 62*k + 3362. Determine x(-54).
14
Let o(b) = b**3 + 23*b**2 + 84*b - 36. Give o(-18).
72
Let l(s) = s**3 + 22*s**2 + 2*s + 670. Give l(-23).
95
Let b(p) = 5433*p - 43452. Give b(8).
12
Let y(r) = 12*r + 334. Give y(-30).
-26
Let g(l) = 540*l**2 - 3779*l - 11. Calculate g(7).
-4
Let v(q) = 3*q + 559. What is v(15)?
604
Let n(w) = 33*w**3 + 2*w**2 - 4*w - 3. What is n(-1)?
-30
Let z(s) = 5*s**2 - 79*s - 80. Give z(-1).
4
Let d(f) = f**3 + 37*f**2 + 345*f + 22. What is d(-19)?
-35
Let p(u) = u**3 + 14*u**2 + 23*u + 100. What is p(-5)?
210
Let n(i) = -33*i - 218. Calculate n(-7).
13
Let v(t) = -149*t**2 - 11326*t - 148. Give v(-76).
4
Let m(r) = -14*r**2 - 77*r + 37. What is m(-6)?
-5
Let c(q) = -143*q - 4134. Calculate c(-29).
13
Let f(n) = 1024*n - 8192. Give f(8).
0
Let j(l) = -l**2 + 16*l + 236. Give j(26).
-24
Let c(g) = g**2 - 18*g - 155. Calculate c(-6).
-11
Let j(o) = -209*o - 27. Determine j(-1).
182
Let m(h) = h**3 + 10*h**2 - 2*h + 56. What is m(-7)?
217
Let h(j) = -2*j**3 - 9*j**2 + 18*j + 14. What is h(-6)?
14
Let n(i) = 25*i**2 + 824*i - 23. What is n(-33)?
10
Let m(g) = g**3 + 20*g**2 + 87*g + 53. What is m(-14)?
11
Let p(v) = -v**3 - 45*v**2 - 168*v - 51. What is p(-41)?
113
Let y(i) = i**3 + 13*i**2 - 18*i - 12. Give y(-11).
428
Let v(w) = -67*w - 927. Calculate v(-14).
11
Let l(z) = 28*z + 697. Determine l(-18).
193
Let b(h) = 2*h**2 + 2*h - 4. Determine b(-3).
8
Let n(v) = v**3 + 215*v**2 + 1449*v + 2. Calculate n(-7).
51
Let q(t) = -9*t**2 - 39*t - 42. Determine q(-4).
-30
Let p(g) = g**2 + 70*g + 1059. Determine p(-23).
-22
Let x(i) = -i**3 + 4*i**2 - 104*i + 524. Give x(5).
-21
Let b(s) = 80*s - 569. Give b(7).
-9
Let i(g) = 94*g + 6351. What is i(-68)?
-41
Let j(m) = -4*m**2 + 65*m + 170. What is j(18)?
44
Let o(f) = 3*f**2 - 508*f - 357. Give o(170).
-17
Let f(r) = 10*r**2 - 746*r + 396. Determine f(74).
-48
Let t(h) = h**3 - 25*h**2 - 85*h - 56. What is t(28)?
-84
Let v(d) = -d**3 - 14*d**2 + 181*d + 117. What is v(-22)?
7
Let t(d) = 5*d**3 - 271*d**2 - 551*d + 10. Give t(-2).
-12
Let n(g) = -66*g**2 - 1387*g - 8. What is n(-21)?
13
Let b(h) = -24*h - 54. Calculate b(6).
-198
Let f(q) = q**3 + 113*q**2 + 642*q - 19. Give f(-107).
-19
Let q(b) = -2*b**2 + 64*b + 64294. What is q(196)?
6
Let g(h) = -3*h**3 - 19*h**2 - 28*h - 125. What is g(-6)?
7
Let l(s) = s**2 - 49*s + 452. What is l(13)?
-16
Let s(g) = 1303*g + 1370. What is s(-1)?
67
Let b(s) = -s**3 - 41*s**2 - 62*s + 74. Give b(-39).
-550
Let s(y) = 3*y**3 + 810*y**2 + 19*y + 5128. Give s(-270).
-2
Let k(c) = 655*c + 18. What is k(0)?
18
Let r(t) = -42*t + 399. Give r(10).
-21
Let u(w) = -79*w - 762. What is u(-9)?
-51
Let r(d) = 1212*d - 98171. Determine r(81).
1
Let g(s) = 177*s**2 - 3715*s - 51. Determine g(21).
-9
Let s(k) = -3*k**2 - 105*k + 106. What is s(-36)?
-2
Let h(q) = -142*q + 15752. Give h(111).
-10
Let i(b) = -b**2 - 724*b - 4258. Calculate i(-6).
50
Let p(n) = 81*n + 6. Calculate p(-2).
-156
Let v(z) = -z**3 + 174*z**2 + 177*z - 351. Determine v(175).
-1
Let x(d) = 27*d**2 + 375*d + 375. Calculate x(-1).
27
Let n(g) = -18*g**3 + 5*g + 16. Calculate n(-2).
150
Let m(c) = 34*c**2 - 207*c + 7. Give m(6).
-11
Let t(g) = g**2 - 2136*g - 8562. Calculate t(-4).
-2
Let b(m) = 12*m - 239. Calculate b(17).
-35
Let j(s) = -2*s**3 - 11*s**2 + 5*s - 2. Give j(-6).
4
Let u(t) = 171*t - 1700. Determine u(10).
10
Let m(f) = -f**3 + 9*f**2 + 9023*f - 54244. Give m(6).
2
Let p(f) = -4*f**2 - 157*f - 900. What is p(-6)?
-102
Let p(d) = -3*d**2 - 109*d + 863. What is p(-43)?
3
Let t(q) = -q**2 - 21*q + 39. Determine t(-23).
-7
Let m(r) = 5*r**2 - 262*r + 2569. Determine m(13).
8
Let t(j) = -1425*j - 19948. What is t(-14)?
2
Let s(w) = -223*w - 907. Determine s(-4).
-15
Let y(a) = -511*a + 5646. Calculate y(11).
25
Let m(a) = -525*a - 4194. What is m(-8)?
6
Let p(h) = 1176*h**2 + 2362*h - 1. Determine p(-2).
-21
Let p(a) = a**3 + 12*a**2 - 9*a - 122. Give p(-10).
168
Let m(f) = 207*f - 2084. Determine m(10).
-14
Let x(o) = -143*o - 2007. What is x(-14)?
-5
Let q(g) = 18573*g - 148587. Give q(8).
-3
Let y(d) = 326*d**3 - 2*d**2 - 8*d - 6. Calculate y(-1).
-326
Let l(w) = w**3 + 6*w**2 - 95*w - 37. Give l(-13).
15
Let i(f) = 64*f**2 + 51*f + 15. What is i(-1)?
28
Let j(q) = 280*q - 693. Calculate j(2).
-133
Let q(t) = 15*t**2 + 288*t - 147. Calculate q(-20).
93
Let x(h) = 162*h - 6643. Give x(41).
-1
Let p(t) = 152*t - 7569. Calculate p(50).
31
Let k(h) = h**3 + 191*h**2 - 419*h - 6386. Give k(-193).
-17
Let t(u) = -7*u**2 - 103*u - 287. What is t(-5)?
53
Let p(h) = -26*h - 1478. What is p(-57)?
4
Let k(f) = 1160*f + 73. What is k(0)?
73
Let v(n) = -223*n + 408. Determine v(2).
-38
Let o(v) = -v**3 + 48*v**2 - 176*v - 27. Calculate o(44).
-27
Let f(i) = -155*i**3 + 4*i**2 - 2*i + 1. What is f(-1)?
162
Let i(f) = -34*f**2 + 47*f + 46. What is i(-1)?
-35
Let m(g) = 9658*g - 57954. Give m(6).
-6
Let d(q) = -382*q - 655. Determine d(-3).
491
Let d(b) = -542*b + 13547. Determine d(25).
-3
Let i(h) = -3*h**3 + 26*h**2 + 21*h - 119. Determine i(9).
-11
Let o(x) = -x**3 - 33*x**2 - 89*x + 12. Calculate o(-30).
-18
Let b(l) = -l**2 - 129*l - 1626. What is b(-14)?
-16
Let r(m) = -23*m**3 - 47*m**2 - 20*m - 44. Determine r(-2).
-8
Let b(v) = -8*v**2 - 83*v - 14. What is b(-10)?
16
Let r(y) = -8*y**2 - 133*y + 136. Give r(1).
-5
Let l(s) = -108*s**2 + 25*s - 24. Give l(1).
-107
Let q(c) = -3*c + 45. Calculate q(4).
33
Let i(b) = 120*b - 87. What is i(1)?
33
Let q(r) = -r**2 + 149*r - 1662. Determine q(12).
-18
Let s(y) = -568*y - 10212. Determine s(-18).
12
Let d(o) = -17*o + 7. Determine d(-3).
58
Let h(y) = 2*y**3 - 19*y**2 + 22*y - 22. Give h(9).
95
Let d(y) = y**3 + 8*y**2 - 2*y - 2. What is d(-8)?
14
Let f(z) = z**3 - 76*z**2 + 296*z - 568. Determine f(72).
8
Let k(w) = 2*w**3 - 75*w**2 + 41*w - 57. Determine k(37).
91
Let n(f) = -f**3 - f**2 + 342*f + 15. Determine n(18).
15
Let u(c) = 36*c - 1366. Give u(38).
2
Let a(i) = -2*i**2 + 452*i - 4354. What is a(10)?
-34
Let l(g) = -15*g - 19. Calculate l(-9).
116
Let r(u) = u**3 + 39*u**2 + 45*u + 291. Determine r(-38).
25
Let f(z) = 3*z**2 + 216*z - 1661. Determine f(-79).
-2
Let m(p) = -p**2 - 30*p - 86. Give m(-27).
-5
Let u(g) = -645*g - 21924. Determine u(-34).
6
Let z(s) = -s**3 - 15*s**2 - 28*s - 60. Determine z(-11).
-236
Let q(j) = -6*j - 351. Calculate q(-9).
-297
Let y(b) = 3*b**2 + 174*b - 6221. Calculate y(-83).
4
Let i(p) = -p**2 + 76*p + 2337. What is i(-25)?
-188
Let z(c) = c**2 + 102*c + 2019. Give z(-75).
-6
Let z(x) = -x**2 - 12*x + 167. What is z(12)?
-121
Let s(q) = -13*q + 116. Determine s(13).
-53
Let w(o) = 47*o + 2270. What is w(-49)?
-33
Let k(o) = -28*o + 588. Give k(22).
-28
Let r(i) = i**3 - 18*i**2 - 13*i + 20. Determine r(18).
-214
Let a(u) = 6*u**2 + 11*u - 31. Calculate a(3).
56
Let o(b) = 6*b**2 - 29*b - 12. Determine o(5).
-7
Let h(y) = -336*y + 316. Determine h(1).
-20
Let s(u) = 21*u**2 - 90*u - 28. Calculate s(4).
-52
Let o(y) = -y**3 - 160*y**2 + 130*y - 4984. Determine o(-161).
7
Let q(v) = v**3 + 24*v**2 + 48*v + 17. Determine q(-22).
-71
Let h(y) = y**2 + 512*y - 2072. Give h(4).
-8
Let k(j) = 27*j + 47. Determine k(0).
47
Let u(v) = v**3 - 44*v**2 - 3746*v - 213. Calculate u(-43).
2
Let b(m) = m**2 + 60*m + 861. Give b(-23).
10
Let i(v) = 162*v - 13426. Determine i(83).
20
Let b(d) = d**2 - 46*d - 2729. Give b(-34).
-9
Let z(y) = -y**2 - 70*y -